o**2 + 7*o - 5. What is m(49)?
338
Let j(c) = 2*c + 28. What is j(-13)?
2
Let h(v) = 8*v - 386. Calculate h(47).
-10
Let d(x) = 96*x**2 - 10*x + 5. Calculate d(1).
91
Let d(z) = -16*z - 68. Give d(-7).
44
Let y(q) = 11*q**2 + 179*q + 42. Give y(-16).
-6
Let r(c) = -2*c**3 - 35*c**2 - 151*c + 11. Calculate r(-9).
-7
Let t(c) = 535*c + 11208. Calculate t(-21).
-27
Let a(g) = -20*g**2 - 11*g + 15. What is a(2)?
-87
Let o(m) = m**3 + 14*m**2 + 160*m + 898. What is o(-8)?
2
Let s(u) = 52*u - 666. What is s(12)?
-42
Let d(i) = i**3 - 28*i**2 + 73*i + 31. Calculate d(25).
-19
Let m(q) = q**3 - 68*q**2 + 2*q - 140. Give m(68).
-4
Let p(c) = 5*c**2 - 48*c + 193. Determine p(5).
78
Let u(d) = -21*d - 144. Calculate u(-7).
3
Let u(q) = 10*q**2 - 11*q - 666. What is u(-8)?
62
Let l(t) = -t**3 - 4*t**2 + 92*t + 32. What is l(8)?
0
Let g(z) = z**3 + 105*z**2 - 558*z - 876. Determine g(-110).
4
Let z(l) = l**3 + 21*l**2 + 27*l + 17. Determine z(-19).
226
Let o(r) = -357*r + 1430. Determine o(4).
2
Let h(v) = 181*v + 919. Give h(-5).
14
Let x(n) = -45*n - 395. Determine x(-7).
-80
Let d(q) = -q**3 - 8*q**2 - 3*q + 28. Give d(-7).
0
Let v(t) = -41*t + 64. Determine v(1).
23
Let g(l) = l**3 - 5*l**2 - 66*l - 15. Determine g(-6).
-15
Let j(f) = 125*f**2 + 1870*f - 75. Determine j(-15).
0
Let z(i) = 3*i**2 + 352*i - 2224. Determine z(6).
-4
Let t(k) = -2*k**3 - 24*k**2 - 2*k - 23. Give t(-12).
1
Let p(s) = -22*s**2 - 53*s + 2274. Determine p(9).
15
Let w(j) = -6*j**3 - 4*j**2 - 9*j - 12. Calculate w(-4).
344
Let l(a) = 7*a - 308. Give l(46).
14
Let j(s) = -s**3 + 34*s**2 - 90*s + 12. Give j(31).
105
Let o(b) = -121*b**3 - 2*b**2 + 2*b + 4. Give o(-1).
121
Let l(o) = o**3 + 25*o**2 + 32*o + 94. Calculate l(-24).
-98
Let u(n) = -n**2 - 45*n - 478. Calculate u(-27).
8
Let v(h) = 226*h + 9488. What is v(-42)?
-4
Let w(n) = 2*n**3 + 75*n**2 + 37*n - 121. Give w(-37).
-121
Let k(x) = 6*x + 393. Calculate k(-19).
279
Let z(p) = 6*p**3 + 281*p**2 - 339*p - 138. Determine z(-48).
6
Let s(n) = 85*n + 245. Calculate s(3).
500
Let v(q) = -47*q**2 + 285*q - 15. What is v(6)?
3
Let y(i) = 11*i**2 - 3*i - 28. Determine y(0).
-28
Let l(w) = -3*w**2 + 10*w + 164. Calculate l(-6).
-4
Let r(f) = 2*f**3 + 6*f**2 - 5*f - 31. Calculate r(3).
62
Let k(t) = -452*t + 3147. What is k(7)?
-17
Let j(n) = 3*n**3 - 32*n**2 + 16*n - 14. Determine j(10).
-54
Let k(t) = -t**3 + 37*t**2 - 105*t - 16. Give k(3).
-25
Let t(m) = -3*m**2 + 209*m - 2601. Determine t(15).
-141
Let l(a) = -a**3 + 43*a**2 - 43*a - 100. What is l(42)?
-142
Let m(b) = -273*b - 77556. Determine m(-284).
-24
Let i(x) = -53*x**2 - 1971*x - 379. What is i(-37)?
-9
Let a(c) = c**3 + 56*c**2 + 613*c + 182. What is a(-41)?
264
Let s(a) = -a**2 + 44*a - 231. Determine s(39).
-36
Let z(n) = 2*n**2 - 24*n - 4. Calculate z(6).
-76
Let m(c) = c**3 + 7*c**2 + 8*c + 4. Calculate m(-8).
-124
Let t(d) = -d**3 + 26*d**2 - 159*d - 39. Determine t(16).
-23
Let s(c) = 11*c**3 + 5*c**2 - 33*c + 29. Calculate s(1).
12
Let z(h) = 393*h - 2329. Determine z(6).
29
Let g(h) = h**2 - 36*h + 221. What is g(19)?
-102
Let s(q) = 99*q**2 + 5*q - 10. Calculate s(-2).
376
Let y(a) = -a**3 - 5*a**2 + 7*a + 29. What is y(-3)?
-10
Let p(v) = 8*v**2 - 915*v + 1226. Calculate p(113).
-17
Let b(s) = -s**2 + 41*s + 53. Give b(45).
-127
Let k(w) = 485*w - 10186. What is k(21)?
-1
Let m(z) = z**3 + 3*z**2 + z - 355. Give m(0).
-355
Let h(t) = 32*t**2 - 296*t - 25. Give h(11).
591
Let a(j) = 7*j**2 - 21*j + 32. What is a(5)?
102
Let l(x) = 45*x + 321. Calculate l(-7).
6
Let g(y) = y**3 + 7*y**2 - 39*y - 224. What is g(-6)?
46
Let j(y) = -33*y + 3823. What is j(116)?
-5
Let d(l) = -61*l**2 - 37*l + 73. Determine d(2).
-245
Let s(k) = -k**3 - 53*k**2 + 372*k + 1082. What is s(-59)?
20
Let b(r) = r**3 + 4*r**2 - 12*r - 5. Give b(-6).
-5
Let v(g) = -54*g - 1137. Calculate v(-17).
-219
Let k(h) = -h**2 - 573*h + 3435. Determine k(6).
-39
Let a(i) = 1811*i - 86906. What is a(48)?
22
Let w(o) = -5*o**3 - 30*o**2 + 77*o - 18. Calculate w(-8).
6
Let b(k) = -4*k**2 + 161*k + 1269. Calculate b(47).
0
Let k(c) = -8*c**2 - 122*c - 13. Determine k(-14).
127
Let h(q) = -5*q**2 + 117*q + 347. Determine h(26).
9
Let d(o) = -426*o - 1707. What is d(-4)?
-3
Let x(c) = 10*c + 46. Give x(-19).
-144
Let i(v) = v**2 + 209*v - 23. Calculate i(0).
-23
Let s(i) = 17*i**3 + 3*i**2 - 32*i + 30. What is s(1)?
18
Let u(q) = q**3 + 15*q**2 + 26*q + 175. Calculate u(-14).
7
Let y(t) = -842*t**2 + 2*t - 3. What is y(1)?
-843
Let t(x) = -x**3 - 38*x**2 - 15*x + 51. Calculate t(-38).
621
Let m(u) = u**3 - 65*u**2 - 209*u + 110. Give m(68).
-230
Let s(k) = 2*k**3 + 50*k**2 - 60*k + 29. Calculate s(-26).
237
Let z(m) = -2*m**3 + 12*m**2 - 6*m + 3. Determine z(8).
-301
Let a(p) = p**2 + 4*p - 245. Calculate a(10).
-105
Let v(j) = -j**3 + 45*j**2 - 46*j + 48. Determine v(44).
-40
Let l(a) = 43*a - 285. What is l(7)?
16
Let q(r) = 1275*r - 142808. Determine q(112).
-8
Let s(u) = -86*u - 257. Calculate s(-3).
1
Let o(m) = 7*m**2 - 141*m + 276. What is o(18)?
6
Let n(l) = l**2 + 36*l - 277. Determine n(12).
299
Let q(k) = -13*k + 39. Determine q(8).
-65
Let p(s) = -s**2 + 2*s + 61. What is p(-8)?
-19
Let g(i) = -i**2 + 834*i - 26473. Calculate g(33).
-40
Let t(r) = 3*r**3 - 18*r**2 + 9*r - 61. What is t(6)?
-7
Let j(l) = 7*l**2 + 5*l - 19. Determine j(5).
181
Let v(g) = -56*g + 1740. Calculate v(31).
4
Let t(u) = -222*u + 6449. What is t(29)?
11
Let k(a) = -14*a**2 + 88*a + 88. What is k(-1)?
-14
Let o(g) = 2*g**3 - 55*g**2 + 274*g + 525. What is o(20)?
5
Let p(f) = -2*f**2 - 66*f - 509. Give p(-20).
11
Let h(d) = -76*d + 55. What is h(-1)?
131
Let r(o) = 10*o**3 - 238*o**2 - 48*o - 6. Calculate r(24).
-6
Let s(k) = -431*k + 3837. Give s(9).
-42
Let q(b) = -b**3 - 199*b**2 - 784*b - 782. Determine q(-195).
-2
Let b(t) = 1791*t + 93143. Give b(-52).
11
Let z(b) = -885*b - 8843. Determine z(-10).
7
Let a(y) = -2*y - 6. Determine a(6).
-18
Let q(s) = 1556*s + 35820. What is q(-23)?
32
Let u(p) = p**2 + 5*p - 494. What is u(-24)?
-38
Let f(p) = 15*p**2 + 25*p + 85. Give f(7).
995
Let t(p) = 31*p**2 - 25*p - 3. Determine t(1).
3
Let i(k) = k**2 + 67*k + 510. Calculate i(-9).
-12
Let z(s) = 41*s + 30. Give z(-1).
-11
Let y(v) = 194*v + 398. Give y(0).
398
Let x(v) = -2*v**3 + 184*v**2 + 8. Give x(92).
8
Let y(k) = -60*k + 2362. Calculate y(37).
142
Let z(d) = -25*d - 53. What is z(-21)?
472
Let z(h) = 36*h**2 + 210*h - 30. Calculate z(-6).
6
Let w(j) = 147*j**3 + 2*j**2 - 2*j + 3. What is w(1)?
150
Let y(p) = -13*p**3 - 3*p - 5. What is y(2)?
-115
Let b(z) = 4446*z + 26668. Determine b(-6).
-8
Let j(z) = z**3 + 12*z**2 + 32*z - 7. Determine j(-11).
-238
Let p(a) = -2*a**3 + a**2 - 10*a + 11. Determine p(5).
-264
Let i(l) = -105*l + 1063. Calculate i(10).
13
Let m(y) = -25*y + 185. Give m(-9).
410
Let s(k) = 3*k**2 + 7*k - 5. Determine s(1).
5
Let s(k) = -5*k**2 - 94*k - 107. Give s(-18).
-35
Let r(k) = 5*k**2 - 18*k - 728. What is r(-10)?
-48
Let j(k) = 52*k - 66. Calculate j(-11).
-638
Let s(x) = -x**2 + 8*x - 34. Calculate s(6).
-22
Let c(v) = 36*v - 779. Give c(22).
13
Let t(m) = m**2 - 496*m + 2863. What is t(6)?
-77
Let f(p) = -p**3 - 25*p**2 + 118*p + 66. Give f(-29).
8
Let f(z) = -z**3 - 39*z**2 - 133*z - 63. Calculate f(-35).
-308
Let h(f) = 2*f**3 - 59*f**2 - 50*f + 583. Give h(30).
-17
Let q(v) = 61*v + 1822. Determine q(-32).
-130
Let t(m) = m**3 - 25*m**2 + 80*m + 112. What is t(5)?
12
Let q(r) = 8*r - 86. What is q(13)?
18
Let z(f) = 3*f**2 - 87*f + 263. Give z(25).
-37
Let s(u) = 2*u**3 + 46*u**2 + 82*u - 26. What is s(-21)?
16
Let a(k) = 81*k + 7690. Give a(-95).
-5
Let v(a) = -a**3 + 5*a**2 + 2*a - 20. Determine v(6).
-44
Let z(j) = j**3 - 77*j**2 - 164*j + 480. Determine z(79).
6
Let n(p) = 2*p**2 - 58*p - 83. Give n(29).
-83
Let x(s) = -11*s**2 + 501*s - 260. What is x(45)?
10
Let h(p) = 4*p**2 + 9*p + 11. Give h(2).
45
Let s(m) = m**2 + 524*m + 24973. Give s(-53).
10
Let z(p) = 528*p - 725. Give z(2).
331
Let t(g) = -502*g + 37146. Calculate t(74).
-2
Let k(t) = -16*t + 543. Determine k(34).
-1
Let u(q) = 61*q**3 + 3*q**2 + 3*q + 2. Give u(-1).
-59
Let c(f) = -4*f**3 + 11*f**2 + 297*f - 894. Calculate c(3).
-12
Let s(q) = -3*q**2 - 88*q - 433. What is s(-23)?
4
Let v(q) = -348*q - 1366. C